{"id":669,"date":"2025-12-02T17:45:50","date_gmt":"2025-12-02T17:45:50","guid":{"rendered":"https:\/\/www.hip2dqm.solidstate.ipb.ac.rs\/?page_id=669"},"modified":"2025-12-02T18:34:38","modified_gmt":"2025-12-02T18:34:38","slug":"dr-zorica-konstantinovic","status":"publish","type":"page","link":"https:\/\/www.hip2dqm.solidstate.ipb.ac.rs\/?page_id=669","title":{"rendered":"Dr Zorica Konstantinovic"},"content":{"rendered":"<div id=\"pl-669\"  class=\"panel-layout\" ><div id=\"pg-669-0\"  class=\"panel-grid panel-no-style\" ><div id=\"pgc-669-0-0\"  class=\"panel-grid-cell\" ><div id=\"panel-669-0-0-0\" class=\"so-panel widget widget_sow-headline panel-first-child panel-last-child\" data-index=\"0\" ><div\n\t\t\t\n\t\t\tclass=\"so-widget-sow-headline so-widget-sow-headline-default-08ca780a4db4-669\"\n\t\t\t\n\t\t><div class=\"sow-headline-container \">\n\t\t\t\t\t\t\t<h1 class=\"sow-headline\">\n\t\t\t\t\t\tDr Zorica Konstantinovi\u0107, Research Professor\t\t\t\t\t\t<\/h1>\n\t\t\t\t\t\t\t\t\t\t\t<div class=\"decoration\">\n\t\t\t\t\t\t<div class=\"decoration-inside\"><\/div>\n\t\t\t\t\t<\/div>\n\t\t\t\t\t<\/div>\n<\/div><\/div><\/div><\/div><div id=\"pg-669-1\"  class=\"panel-grid panel-no-style\" ><div id=\"pgc-669-1-0\"  class=\"panel-grid-cell\" ><div id=\"panel-669-1-0-0\" class=\"so-panel widget widget_sow-image panel-first-child panel-last-child\" data-index=\"1\" ><div\n\t\t\t\n\t\t\tclass=\"so-widget-sow-image so-widget-sow-image-default-8b5b6f678277-669\"\n\t\t\t\n\t\t>\n\n<div class=\"sow-image-container\">\n\t\t<img loading=\"lazy\" decoding=\"async\" src=\"https:\/\/www.hip2dqm.solidstate.ipb.ac.rs\/wp-content\/uploads\/2025\/12\/Zorica-Konstantinovic-3.png\" width=\"300\" height=\"395\" srcset=\"https:\/\/www.hip2dqm.solidstate.ipb.ac.rs\/wp-content\/uploads\/2025\/12\/Zorica-Konstantinovic-3.png 300w, https:\/\/www.hip2dqm.solidstate.ipb.ac.rs\/wp-content\/uploads\/2025\/12\/Zorica-Konstantinovic-3-228x300.png 228w\" sizes=\"auto, (max-width: 300px) 100vw, 300px\" alt=\"\" \t\tclass=\"so-widget-image\"\/>\n\t<\/div>\n\n<\/div><\/div><\/div><div id=\"pgc-669-1-1\"  class=\"panel-grid-cell\" ><div id=\"panel-669-1-1-0\" class=\"so-panel widget widget_sow-editor panel-first-child\" data-index=\"2\" ><div\n\t\t\t\n\t\t\tclass=\"so-widget-sow-editor so-widget-sow-editor-base\"\n\t\t\t\n\t\t>\n<div class=\"siteorigin-widget-tinymce textwidget\">\n\t<h2>Training Manager<\/h2>\n<p>Room<br \/>\nOffice phone: +381 11 37 13 000<\/p>\n<p><em>Center for Solid State Physics and New Materials,<\/em><br \/>\n<em>Institute of Physics Belgrade, University of Belgrade,<\/em><br \/>\n<em>Pregrevica 118, 11000 Belgrade, Serbia<\/em><\/p>\n<\/div>\n<\/div><\/div><div id=\"panel-669-1-1-1\" class=\"so-panel widget widget_siteorigin-panels-builder panel-last-child\" data-index=\"3\" ><div id=\"pl-w692f268863e07\"  class=\"panel-layout\" ><div id=\"pg-w692f268863e07-0\"  class=\"panel-grid panel-no-style\" ><div id=\"pgc-w692f268863e07-0-0\"  class=\"panel-grid-cell\" ><div id=\"panel-w692f268863e07-0-0-0\" class=\"so-panel widget widget_sow-icon panel-first-child panel-last-child\" data-index=\"0\" ><div\n\t\t\t\n\t\t\tclass=\"so-widget-sow-icon so-widget-sow-icon-default-12e113f2ca47\"\n\t\t\t\n\t\t>\n<div class=\"sow-icon-container sow-icon\">\n\t\t\t<span class=\"sow-icon-fontawesome sow-far\" data-sow-icon=\"&#xf2b6;\"\n\t\t title=\"Email\"\n\t\taria-hidden=\"true\"><\/span>\t<\/div>\n<\/div><\/div><\/div><div id=\"pgc-w692f268863e07-0-1\"  class=\"panel-grid-cell\" ><div id=\"panel-w692f268863e07-0-1-0\" class=\"so-panel widget widget_sow-editor panel-first-child panel-last-child\" data-index=\"1\" ><div\n\t\t\t\n\t\t\tclass=\"so-widget-sow-editor so-widget-sow-editor-base\"\n\t\t\t\n\t\t>\n<div class=\"siteorigin-widget-tinymce textwidget\">\n\t<p>zorica.konstantinovic@ipb.ac.rs<\/p>\n<\/div>\n<\/div><\/div><\/div><\/div><div id=\"pg-w692f268863e07-1\"  class=\"panel-grid panel-no-style\" ><div id=\"pgc-w692f268863e07-1-0\"  class=\"panel-grid-cell\" ><div id=\"panel-w692f268863e07-1-0-0\" class=\"so-panel widget widget_sow-icon panel-first-child panel-last-child\" data-index=\"2\" ><div\n\t\t\t\n\t\t\tclass=\"so-widget-sow-icon so-widget-sow-icon-default-12e113f2ca47\"\n\t\t\t\n\t\t>\n<div class=\"sow-icon-container sow-icon\">\n\t\t\t<span class=\"sow-icon-icomoon\" data-sow-icon=\"&#xea88;\"\n\t\t title=\"Google Scholar\"\n\t\taria-hidden=\"true\"><\/span>\t<\/div>\n<\/div><\/div><\/div><div id=\"pgc-w692f268863e07-1-1\"  class=\"panel-grid-cell\" ><div id=\"panel-w692f268863e07-1-1-0\" class=\"so-panel widget widget_sow-editor panel-first-child panel-last-child\" data-index=\"3\" ><div\n\t\t\t\n\t\t\tclass=\"so-widget-sow-editor so-widget-sow-editor-base\"\n\t\t\t\n\t\t>\n<div class=\"siteorigin-widget-tinymce textwidget\">\n\t<p style=\"text-align: left\"><a href=\"https:\/\/scholar.google.es\/citations?user=TRXa8IAAAAAJ&amp;hl=fr\">Google Scholar<\/a><\/p>\n<\/div>\n<\/div><\/div><\/div><\/div><div id=\"pg-w692f268863e07-2\"  class=\"panel-grid panel-no-style\" ><div id=\"pgc-w692f268863e07-2-0\"  class=\"panel-grid-cell\" ><div id=\"panel-w692f268863e07-2-0-0\" class=\"so-panel widget widget_media_image panel-first-child panel-last-child\" data-index=\"4\" ><img loading=\"lazy\" decoding=\"async\" width=\"35\" height=\"35\" src=\"https:\/\/www.hip2dqm.solidstate.ipb.ac.rs\/wp-content\/uploads\/2025\/12\/researchgate_1057346_108081-150x150.png\" class=\"image wp-image-658  attachment-35x35 size-35x35\" alt=\"\" style=\"max-width: 100%; height: auto;\" srcset=\"https:\/\/www.hip2dqm.solidstate.ipb.ac.rs\/wp-content\/uploads\/2025\/12\/researchgate_1057346_108081-150x150.png 150w, https:\/\/www.hip2dqm.solidstate.ipb.ac.rs\/wp-content\/uploads\/2025\/12\/researchgate_1057346_108081-300x300.png 300w, https:\/\/www.hip2dqm.solidstate.ipb.ac.rs\/wp-content\/uploads\/2025\/12\/researchgate_1057346_108081-375x375.png 375w, https:\/\/www.hip2dqm.solidstate.ipb.ac.rs\/wp-content\/uploads\/2025\/12\/researchgate_1057346_108081-216x216.png 216w, https:\/\/www.hip2dqm.solidstate.ipb.ac.rs\/wp-content\/uploads\/2025\/12\/researchgate_1057346_108081.png 512w\" sizes=\"auto, (max-width: 35px) 100vw, 35px\" \/><\/div><\/div><div id=\"pgc-w692f268863e07-2-1\"  class=\"panel-grid-cell\" ><div id=\"panel-w692f268863e07-2-1-0\" class=\"so-panel widget widget_sow-editor panel-first-child panel-last-child\" data-index=\"5\" ><div\n\t\t\t\n\t\t\tclass=\"so-widget-sow-editor so-widget-sow-editor-base\"\n\t\t\t\n\t\t>\n<div class=\"siteorigin-widget-tinymce textwidget\">\n\t<p style=\"text-align: left\"><a href=\"https:\/\/www.researchgate.net\/profile\/Andrijana_Solajic\">ResearchGate<\/a><\/p>\n<\/div>\n<\/div><\/div><\/div><\/div><\/div><\/div><\/div><\/div><div id=\"pg-669-2\"  class=\"panel-grid panel-no-style\" ><div id=\"pgc-669-2-0\"  class=\"panel-grid-cell\" ><div id=\"panel-669-2-0-0\" class=\"so-panel widget widget_sow-editor panel-first-child panel-last-child\" data-index=\"4\" ><div\n\t\t\t\n\t\t\tclass=\"so-widget-sow-editor so-widget-sow-editor-base\"\n\t\t\t\n\t\t>\n<div class=\"siteorigin-widget-tinymce textwidget\">\n\t<div id=\"pg-17-2\" class=\"panel-grid panel-no-style\">\n<div id=\"pgc-17-2-0\" class=\"panel-grid-cell\">\n<div id=\"panel-17-2-0-0\" class=\"so-panel widget widget_sow-headline panel-first-child\" data-index=\"4\">\n<div class=\"so-widget-sow-headline so-widget-sow-headline-default-0462eca6dbc2-17\">\n<div class=\"sow-headline-container \">\n<h3 class=\"sow-headline\"><span style=\"text-decoration: underline\">Research field<\/span><\/h3>\n<\/div>\n<\/div>\n<\/div>\n<div id=\"panel-17-2-0-1\" class=\"so-panel widget widget_sow-editor\" data-index=\"5\">\n<div class=\"so-widget-sow-editor so-widget-sow-editor-base\">\n<div class=\"siteorigin-widget-tinymce textwidget\">\n<p><em>strongly correlated systems, spintronics, functional oxide thin films and nanoparticles<\/em><\/p>\n<p>&nbsp;<\/p>\n<\/div>\n<\/div>\n<\/div>\n<div id=\"panel-17-2-0-2\" class=\"so-panel widget widget_sow-headline\" data-index=\"6\">\n<div class=\"so-widget-sow-headline so-widget-sow-headline-default-0462eca6dbc2-17\">\n<div class=\"sow-headline-container \">\n<h3 class=\"sow-headline\"><span style=\"text-decoration: underline\">Education<\/span><\/h3>\n<\/div>\n<\/div>\n<\/div>\n<div id=\"panel-17-2-0-3\" class=\"so-panel widget widget_sow-editor\" data-index=\"7\">\n<div class=\"so-widget-sow-editor so-widget-sow-editor-base\">\n<div class=\"siteorigin-widget-tinymce textwidget\">\n<p><strong>1997 \u2013 2000\u00a0<\/strong>\u00a0\u00a0 PhD, Laboratoire de Physique des Solides, Universit\u00e9 Paris-Sud, B\u00e2t. 510, Orsay, France, Thesis: \u201cInfluence du dopage sur les propri\u00e9t\u00e9s de transport \u00e0 l'\u00e9tat normal de couches minces de Bi<sub>2<\/sub>Sr<sub>2<\/sub>Ca<sub>n-1<\/sub>Cu<sub>n<\/sub>O<sub>2n+4+y<\/sub> (n=1 et 2). Effet de pseudogap\u201d, Supervisor\u00a0: prof. Dr H\u00e9l\u00e8ne Raffy<\/p>\n<p><strong>1995 \u2013 1996 \u00a0<\/strong>\u00a0\u00a0MSc, Faculty of Physics, University of Belgrade, Yugoslavia, Thesis: \u201cTwo-magnon scattering in Bi<sub>2<\/sub>CuO<sub>4<\/sub>\u201d, Supervisor: prof. dr Zoran V. Popovi\u0107<\/p>\n<p><strong>1994 \u2013 1995 <\/strong>\u00a0\u00a0 DEA Physique des Solides, Universit\u00e9 Paris-Sud, France<\/p>\n<p><strong>1989 \u2013 1994 \u00a0<\/strong>\u00a0\u00a0B.Sc. Faculty of Physics, Theoretical Physics, University of Belgrade, Yugoslavia<\/p>\n<\/div>\n<\/div>\n<\/div>\n<div id=\"panel-17-2-0-4\" class=\"so-panel widget widget_sow-headline\" data-index=\"8\">\n<div class=\"so-widget-sow-headline so-widget-sow-headline-default-0462eca6dbc2-17\">\n<div class=\"sow-headline-container \">\n<h3 class=\"sow-headline\"><span style=\"text-decoration: underline\">Employment<\/span><\/h3>\n<\/div>\n<\/div>\n<\/div>\n<div id=\"panel-17-2-0-5\" class=\"so-panel widget widget_sow-editor\" data-index=\"9\">\n<div class=\"so-widget-sow-editor so-widget-sow-editor-base\">\n<div class=\"siteorigin-widget-tinymce textwidget\">\n<p><strong>2021 \u2013 present\u00a0\u00a0<\/strong>\u00a0 Full Research Professor, Institute of Physics Belgrade<\/p>\n<p><strong>2014 \u2013 2021\u00a0\u00a0\u00a0\u00a0 <\/strong>\u00a0Associate Research Professor, Institute of Physics Belgrade<\/p>\n<p><strong>2007 \u2013 2013\u00a0\u00a0\u00a0<\/strong> \u00a0Ramon y Cajal researcher, Institute of Material Science Barcelona, Spain<\/p>\n<p><strong>2005 \u2013 2007<\/strong> <strong>\u00a0\u00a0<\/strong>\u00a0 Juan de la Cierva researcher, Dpt. of Fundamental Physics, University of Barcelona<\/p>\n<p><strong>2003 \u2013 2004<\/strong> <strong>\u00a0\u00a0<\/strong>\u00a0 Postdoctoral researcher, Dpt. of Fundamental Physics, University of Barcelona<\/p>\n<p><strong>2001 - 2003<\/strong> Ing\u00e9nieur-chercheur, Service de Physique de l'\u00c9tat Condensee, Commissariat \u00e0 l\u2019Energie Atomique, Saclay, France<\/p>\n<p><strong>2000 - 2001<\/strong> Postdoctoral researcher, Service de Physique de l'\u00c9tat Condensee, Commissariat \u00e0 l\u2019Energie Atomique, Saclay, France<\/p>\n<p>&nbsp;<\/p>\n<\/div>\n<\/div>\n<\/div>\n<div id=\"panel-17-2-0-6\" class=\"so-panel widget widget_sow-headline\" data-index=\"10\">\n<div class=\"so-widget-sow-headline so-widget-sow-headline-default-0462eca6dbc2-17\">\n<div class=\"sow-headline-container \">\n<h3 class=\"sow-headline\"><span style=\"text-decoration: underline\">National Projects<\/span><\/h3>\n<\/div>\n<\/div>\n<\/div>\n<div id=\"panel-17-2-0-7\" class=\"so-panel widget widget_sow-editor\" data-index=\"11\">\n<div class=\"so-widget-sow-editor so-widget-sow-editor-base\">\n<div class=\"siteorigin-widget-tinymce textwidget\">\n<p><strong>2019 -2022<\/strong> <em>Generation and detection of pure SPIN CURrents in all-OXide heterostructures: RTI2018-099960-BI00 (SPINCURIOX), funded by Spanish Ministry of Science, Innovation and University <\/em>(external collaborator)<\/p>\n<p><strong>2014 \u2013 2020 <\/strong><em>Nanostructured multifunctional materials and nanocomposites III450018, funded by the Ministry of Education, Science and Technological Development of the Republic of Serbia<\/em>\u00a0 (participation)<\/p>\n<\/div>\n<\/div>\n<\/div>\n<div id=\"panel-17-2-0-8\" class=\"so-panel widget widget_sow-headline\" data-index=\"12\">\n<div class=\"so-widget-sow-headline so-widget-sow-headline-default-0462eca6dbc2-17\">\n<div class=\"sow-headline-container \">\n<h3 class=\"sow-headline\"><span style=\"text-decoration: underline\">International scientific collaboration projects<\/span><\/h3>\n<\/div>\n<\/div>\n<\/div>\n<div id=\"panel-17-2-0-9\" class=\"so-panel widget widget_sow-editor\" data-index=\"13\">\n<div class=\"so-widget-sow-editor so-widget-sow-editor-base\">\n<div class=\"siteorigin-widget-tinymce textwidget\">\n<p><strong>2021 - 2025\u00a0 <\/strong><em>COST Action: CA20116, European Network for Innovative and Advanced Epitaxy OPERA <\/em>(participation)<\/p>\n<p><strong>2015 \u2013 2019<\/strong><em>\u00a0 Horizon 2020: Designing Advanced Functionalities through controlled NanoElement integration in OXide thin films (DAFNEOX), 645658 Horizon 2020 EU project <\/em>(participation)<\/p>\n<p><strong>2007-2012\u00a0 <\/strong><em>Ramon y Cajal grant RyC-2006-002933, funded the Spanish Ministry of Science and Technology, Spain <\/em>(project leader)<\/p>\n<h3><u>Skills<\/u><\/h3>\n<p>RF sputtering and Pulsed Laser Deposition, Atomic Force Microscopy, Scanning Electron Microscopy, Transport and magnetic properties<\/p>\n<h3><u>Awards<\/u><\/h3>\n<p><strong>2011, I3 Recognition of Prominent Research Carrier, Ministry of Science and Technology, Spain<\/strong><\/p>\n<p><strong>1996, Student award of the Institute of Physics in Belgrade for the best MsC thesis, Institute of Physics Belgrade<\/strong><\/p>\n<\/div>\n<\/div>\n<\/div>\n<div id=\"panel-17-2-0-10\" class=\"so-panel widget widget_sow-headline\" data-index=\"14\">\n<div class=\"so-widget-sow-headline so-widget-sow-headline-default-0462eca6dbc2-17\">\n<div class=\"sow-headline-container \">\n<h3 class=\"sow-headline\"><span style=\"text-decoration: underline\">Selected publications<\/span><\/h3>\n<\/div>\n<\/div>\n<\/div>\n<div id=\"panel-17-2-0-11\" class=\"so-panel widget widget_sow-editor\" data-index=\"15\">\n<div class=\"so-widget-sow-editor so-widget-sow-editor-base\">\n<div class=\"siteorigin-widget-tinymce textwidget\">\n<ol>\n<li>Bernal-Salamanca, <strong>Z. Konstantinovi\u0107<\/strong>, C. Frontera, V. Fuentes, A. Pomar, Ll. Balcells and B. Mart\u00ednez, \u201cFormation of Nickel Oxide Nanocuboids in Ferromagnetic La<sub>2<\/sub>Ni<sub>1-x<\/sub>Mn<sub>1+x<\/sub>O<sub>6<\/sub>\u201d, Nanomaterials <strong>11<\/strong>, 804 (2021) (impact factor 5.076) <strong>doi<\/strong>: 10.3390\/nano11030804<\/li>\n<li>Bagu\u00e9s, J. Santiso, B. Esser, R. Williams, D. McComb, <strong>Z. Konstantinovi\u0107<\/strong>, L. Balcells, F. Sandiumenge, \u201e<em>The Misfit Dislocation Core Phase in Complex Oxide Heteroepitaxy<\/em>\u201c, Advances Functional Materials <strong>28<\/strong>, 1704437 (2018) (impact factor 13.325) <strong>doi<\/strong>: 10.1002\/adfm.201704437.<\/li>\n<li>Pomar, J. Santiso, F. Sandiumenge, J. Roqueta, B. Bozzo, C. Frontera, Ll. Balcells, B. Mart\u00ednez<strong>, Z. Konstantinovi\u0107<\/strong>, \u201c<em>Growth kinetics engineered magnetoresistance response in La<sub>2\/3<\/sub>Sr<sub>1\/3<\/sub>MnO<sub>3<\/sub> thin films<\/em>\u201c, Applied Physics Letters <strong>104<\/strong>, 152406 (2014) (impact factor 3.302) <strong>doi:<\/strong> 10.1063\/1.4871984<\/li>\n<li><strong> Konstantinovi\u0107<\/strong>, F. Sandiumenge, L. Pe\u00f1a, J. Santiso, Ll. Balcells and B. Mart\u00ednez, <em>Self-organized pyramidal nanopits of manganite thin films as effective surface template<\/em> <em>for self-assembly of nanoparticles<\/em>, Nanoscale <strong>5<\/strong>, 1001 (2013) (impact factor 5.91) <strong>doi<\/strong>: 10.1039\/c2nr33181k<\/li>\n<li><strong>Z. Konstantinovi\u0107<\/strong>, J. Santiso, Ll. Balcells and B. Mart\u00ednez, <em>Strain driven Self-Assembled Network of Antidots in complex oxide thin films<\/em>, Small <strong>5<\/strong>, 265 (2009) (impact factor 6.171) <strong>doi<\/strong>: 10.1002\/smll.200800814<\/li>\n<\/ol>\n<\/div>\n<\/div>\n<\/div>\n<div id=\"panel-17-2-0-12\" class=\"so-panel widget widget_sow-headline\" data-index=\"16\">\n<div class=\"so-widget-sow-headline so-widget-sow-headline-default-0462eca6dbc2-17\">\n<div class=\"sow-headline-container \">\n<h3><u>Teaching expirience and student advising<\/u><\/h3>\n<p><em>Teaching experience<\/em>:<\/p>\n<p><strong>2005\u2013 2006 \u00a0<\/strong>\u00a0- Quantum Physics, Dpt. of Fundamental Physics, University of Barcelona, Spain<\/p>\n<p><em>Student advising:<\/em><\/p>\n<p><strong>2017 \u2013 2021 <\/strong>\u00a0\u00a0 - Monica Bernal, PhD Thesis \u201cFerromagnetic Insulator Thin Films Based on Ni\/Mn Double Perovskite\u201d, Universidad Autonoma de Barcelona, Spain<\/p>\n<\/div>\n<\/div>\n<\/div>\n<\/div>\n<\/div>\n<\/div>\n<\/div><\/div><\/div><\/div><\/div>","protected":false},"excerpt":{"rendered":"<p>Training Manager Room Office phone: +381 11 37 13 000 Center for Solid State Physics and New Materials, Institute of Physics Belgrade, University of Belgrade, Pregrevica 118, 11000 Belgrade, Serbia<\/p>\n","protected":false},"author":1,"featured_media":0,"parent":0,"menu_order":0,"comment_status":"closed","ping_status":"closed","template":"","meta":{"footnotes":""},"class_list":["post-669","page","type-page","status-publish","hentry","post"],"yoast_head":"<!-- This site is optimized with the Yoast SEO plugin v23.8 - https:\/\/yoast.com\/wordpress\/plugins\/seo\/ -->\n<title>Dr Zorica Konstantinovic - HIP-2D-QM<\/title>\n<meta name=\"robots\" content=\"index, follow, max-snippet:-1, max-image-preview:large, max-video-preview:-1\" \/>\n<link rel=\"canonical\" href=\"https:\/\/www.hip2dqm.solidstate.ipb.ac.rs\/?page_id=669\" \/>\n<meta property=\"og:locale\" content=\"en_US\" \/>\n<meta property=\"og:type\" content=\"article\" \/>\n<meta property=\"og:title\" content=\"Dr Zorica Konstantinovic - HIP-2D-QM\" \/>\n<meta property=\"og:description\" content=\"Training Manager Room Office phone: +381 11 37 13 000 Center for Solid State Physics and New Materials, Institute of Physics Belgrade, University of Belgrade, Pregrevica 118, 11000 Belgrade, Serbia\" \/>\n<meta property=\"og:url\" content=\"https:\/\/www.hip2dqm.solidstate.ipb.ac.rs\/?page_id=669\" \/>\n<meta property=\"og:site_name\" content=\"HIP-2D-QM\" \/>\n<meta property=\"article:modified_time\" content=\"2025-12-02T18:34:38+00:00\" \/>\n<meta name=\"twitter:card\" content=\"summary_large_image\" \/>\n<meta name=\"twitter:label1\" content=\"Est. reading time\" \/>\n\t<meta name=\"twitter:data1\" content=\"3 minutes\" \/>\n<script type=\"application\/ld+json\" class=\"yoast-schema-graph\">{\"@context\":\"https:\/\/schema.org\",\"@graph\":[{\"@type\":\"WebPage\",\"@id\":\"https:\/\/www.hip2dqm.solidstate.ipb.ac.rs\/?page_id=669\",\"url\":\"https:\/\/www.hip2dqm.solidstate.ipb.ac.rs\/?page_id=669\",\"name\":\"Dr Zorica Konstantinovic - HIP-2D-QM\",\"isPartOf\":{\"@id\":\"https:\/\/www.hip2dqm.solidstate.ipb.ac.rs\/#website\"},\"datePublished\":\"2025-12-02T17:45:50+00:00\",\"dateModified\":\"2025-12-02T18:34:38+00:00\",\"breadcrumb\":{\"@id\":\"https:\/\/www.hip2dqm.solidstate.ipb.ac.rs\/?page_id=669#breadcrumb\"},\"inLanguage\":\"en-US\",\"potentialAction\":[{\"@type\":\"ReadAction\",\"target\":[\"https:\/\/www.hip2dqm.solidstate.ipb.ac.rs\/?page_id=669\"]}]},{\"@type\":\"BreadcrumbList\",\"@id\":\"https:\/\/www.hip2dqm.solidstate.ipb.ac.rs\/?page_id=669#breadcrumb\",\"itemListElement\":[{\"@type\":\"ListItem\",\"position\":1,\"name\":\"Home\",\"item\":\"https:\/\/www.hip2dqm.solidstate.ipb.ac.rs\/\"},{\"@type\":\"ListItem\",\"position\":2,\"name\":\"Dr Zorica Konstantinovic\"}]},{\"@type\":\"WebSite\",\"@id\":\"https:\/\/www.hip2dqm.solidstate.ipb.ac.rs\/#website\",\"url\":\"https:\/\/www.hip2dqm.solidstate.ipb.ac.rs\/\",\"name\":\"HIP-2D-QM\",\"description\":\"\",\"potentialAction\":[{\"@type\":\"SearchAction\",\"target\":{\"@type\":\"EntryPoint\",\"urlTemplate\":\"https:\/\/www.hip2dqm.solidstate.ipb.ac.rs\/?s={search_term_string}\"},\"query-input\":{\"@type\":\"PropertyValueSpecification\",\"valueRequired\":true,\"valueName\":\"search_term_string\"}}],\"inLanguage\":\"en-US\"}]}<\/script>\n<!-- \/ Yoast SEO plugin. -->","yoast_head_json":{"title":"Dr Zorica Konstantinovic - HIP-2D-QM","robots":{"index":"index","follow":"follow","max-snippet":"max-snippet:-1","max-image-preview":"max-image-preview:large","max-video-preview":"max-video-preview:-1"},"canonical":"https:\/\/www.hip2dqm.solidstate.ipb.ac.rs\/?page_id=669","og_locale":"en_US","og_type":"article","og_title":"Dr Zorica Konstantinovic - HIP-2D-QM","og_description":"Training Manager Room Office phone: +381 11 37 13 000 Center for Solid State Physics and New Materials, Institute of Physics Belgrade, University of Belgrade, Pregrevica 118, 11000 Belgrade, Serbia","og_url":"https:\/\/www.hip2dqm.solidstate.ipb.ac.rs\/?page_id=669","og_site_name":"HIP-2D-QM","article_modified_time":"2025-12-02T18:34:38+00:00","twitter_card":"summary_large_image","twitter_misc":{"Est. reading time":"3 minutes"},"schema":{"@context":"https:\/\/schema.org","@graph":[{"@type":"WebPage","@id":"https:\/\/www.hip2dqm.solidstate.ipb.ac.rs\/?page_id=669","url":"https:\/\/www.hip2dqm.solidstate.ipb.ac.rs\/?page_id=669","name":"Dr Zorica Konstantinovic - HIP-2D-QM","isPartOf":{"@id":"https:\/\/www.hip2dqm.solidstate.ipb.ac.rs\/#website"},"datePublished":"2025-12-02T17:45:50+00:00","dateModified":"2025-12-02T18:34:38+00:00","breadcrumb":{"@id":"https:\/\/www.hip2dqm.solidstate.ipb.ac.rs\/?page_id=669#breadcrumb"},"inLanguage":"en-US","potentialAction":[{"@type":"ReadAction","target":["https:\/\/www.hip2dqm.solidstate.ipb.ac.rs\/?page_id=669"]}]},{"@type":"BreadcrumbList","@id":"https:\/\/www.hip2dqm.solidstate.ipb.ac.rs\/?page_id=669#breadcrumb","itemListElement":[{"@type":"ListItem","position":1,"name":"Home","item":"https:\/\/www.hip2dqm.solidstate.ipb.ac.rs\/"},{"@type":"ListItem","position":2,"name":"Dr Zorica Konstantinovic"}]},{"@type":"WebSite","@id":"https:\/\/www.hip2dqm.solidstate.ipb.ac.rs\/#website","url":"https:\/\/www.hip2dqm.solidstate.ipb.ac.rs\/","name":"HIP-2D-QM","description":"","potentialAction":[{"@type":"SearchAction","target":{"@type":"EntryPoint","urlTemplate":"https:\/\/www.hip2dqm.solidstate.ipb.ac.rs\/?s={search_term_string}"},"query-input":{"@type":"PropertyValueSpecification","valueRequired":true,"valueName":"search_term_string"}}],"inLanguage":"en-US"}]}},"_links":{"self":[{"href":"https:\/\/www.hip2dqm.solidstate.ipb.ac.rs\/index.php?rest_route=\/wp\/v2\/pages\/669","targetHints":{"allow":["GET"]}}],"collection":[{"href":"https:\/\/www.hip2dqm.solidstate.ipb.ac.rs\/index.php?rest_route=\/wp\/v2\/pages"}],"about":[{"href":"https:\/\/www.hip2dqm.solidstate.ipb.ac.rs\/index.php?rest_route=\/wp\/v2\/types\/page"}],"author":[{"embeddable":true,"href":"https:\/\/www.hip2dqm.solidstate.ipb.ac.rs\/index.php?rest_route=\/wp\/v2\/users\/1"}],"replies":[{"embeddable":true,"href":"https:\/\/www.hip2dqm.solidstate.ipb.ac.rs\/index.php?rest_route=%2Fwp%2Fv2%2Fcomments&post=669"}],"version-history":[{"count":4,"href":"https:\/\/www.hip2dqm.solidstate.ipb.ac.rs\/index.php?rest_route=\/wp\/v2\/pages\/669\/revisions"}],"predecessor-version":[{"id":694,"href":"https:\/\/www.hip2dqm.solidstate.ipb.ac.rs\/index.php?rest_route=\/wp\/v2\/pages\/669\/revisions\/694"}],"wp:attachment":[{"href":"https:\/\/www.hip2dqm.solidstate.ipb.ac.rs\/index.php?rest_route=%2Fwp%2Fv2%2Fmedia&parent=669"}],"curies":[{"name":"wp","href":"https:\/\/api.w.org\/{rel}","templated":true}]}}